{"id":296,"date":"2026-04-05T14:49:34","date_gmt":"2026-04-05T14:49:34","guid":{"rendered":"http:\/\/heilmeditation-pfennig.de\/?page_id=296"},"modified":"2026-04-06T09:55:40","modified_gmt":"2026-04-06T09:55:40","slug":"presse","status":"publish","type":"page","link":"http:\/\/heilmeditation-pfennig.de\/?page_id=296","title":{"rendered":"Pressearbeit"},"content":{"rendered":"\n<p>Hier finden Sie Links und Berichte \u00fcber meine Arbeit und ich w\u00fcnsche Ihnen dabei viel Spa\u00df beim Sehen, H\u00f6ren und Lesen.<\/p>\n\n\n\n<figure class=\"wp-block-embed is-type-video is-provider-youtube wp-block-embed-youtube wp-embed-aspect-4-3 wp-has-aspect-ratio\"><div class=\"wp-block-embed__wrapper\">\n<iframe loading=\"lazy\" title=\"Stefanie Monee\" width=\"525\" height=\"394\" src=\"https:\/\/www.youtube.com\/embed\/TKE-Kbu23Ig?feature=oembed\" frameborder=\"0\" allow=\"accelerometer; autoplay; clipboard-write; encrypted-media; gyroscope; picture-in-picture; web-share\" referrerpolicy=\"strict-origin-when-cross-origin\" allowfullscreen><\/iframe>\n<\/div><\/figure>\n\n\n\n<p><\/p>\n\n\n\n<figure class=\"wp-block-embed is-type-video is-provider-youtube wp-block-embed-youtube wp-embed-aspect-16-9 wp-has-aspect-ratio\"><div class=\"wp-block-embed__wrapper\">\n<iframe loading=\"lazy\" title=\"Stefanie Monee - Gib Nicht Auf\" width=\"525\" height=\"295\" src=\"https:\/\/www.youtube.com\/embed\/e-aF8jAkffw?feature=oembed\" frameborder=\"0\" allow=\"accelerometer; autoplay; clipboard-write; encrypted-media; gyroscope; picture-in-picture; web-share\" referrerpolicy=\"strict-origin-when-cross-origin\" allowfullscreen><\/iframe>\n<\/div><\/figure>\n\n\n\n<p><\/p>\n\n\n\n<figure class=\"wp-block-embed is-type-video is-provider-youtube wp-block-embed-youtube wp-embed-aspect-16-9 wp-has-aspect-ratio\"><div class=\"wp-block-embed__wrapper\">\n<iframe loading=\"lazy\" title=\"Musikprojekt an der Grundschule Amelgatzen\" width=\"525\" height=\"295\" src=\"https:\/\/www.youtube.com\/embed\/c28Oz1QJwdg?feature=oembed\" frameborder=\"0\" allow=\"accelerometer; autoplay; clipboard-write; encrypted-media; gyroscope; picture-in-picture; web-share\" referrerpolicy=\"strict-origin-when-cross-origin\" allowfullscreen><\/iframe>\n<\/div><\/figure>\n\n\n\n<p><\/p>\n\n\n\n<figure class=\"wp-block-embed is-type-video is-provider-youtube wp-block-embed-youtube wp-embed-aspect-16-9 wp-has-aspect-ratio\"><div class=\"wp-block-embed__wrapper\">\n<iframe loading=\"lazy\" title=\"Heilmeditation \/ Energieberatung\" width=\"525\" height=\"295\" src=\"https:\/\/www.youtube.com\/embed\/6DAogOhVWyA?feature=oembed\" frameborder=\"0\" allow=\"accelerometer; autoplay; clipboard-write; encrypted-media; gyroscope; picture-in-picture; web-share\" referrerpolicy=\"strict-origin-when-cross-origin\" allowfullscreen><\/iframe>\n<\/div><\/figure>\n\n\n\n<p><\/p>\n\n\n\n<figure class=\"wp-block-embed is-type-video is-provider-youtube wp-block-embed-youtube wp-embed-aspect-16-9 wp-has-aspect-ratio\"><div class=\"wp-block-embed__wrapper\">\n<iframe loading=\"lazy\" title=\"\u201eHeilmeditation-Pfennig\u201c - Problembew\u00e4ltigung durch Meditation &amp; Musik\" width=\"525\" height=\"295\" src=\"https:\/\/www.youtube.com\/embed\/qpQhU4yeBSY?feature=oembed\" frameborder=\"0\" allow=\"accelerometer; autoplay; clipboard-write; encrypted-media; gyroscope; picture-in-picture; web-share\" referrerpolicy=\"strict-origin-when-cross-origin\" allowfullscreen><\/iframe>\n<\/div><\/figure>\n\n\n\n<p><\/p>\n\n\n\n<figure class=\"wp-block-embed is-type-video is-provider-youtube wp-block-embed-youtube wp-embed-aspect-16-9 wp-has-aspect-ratio\"><div class=\"wp-block-embed__wrapper\">\n<iframe loading=\"lazy\" title=\"Musikalische F\u00f6rderung -  Heilmeditation\" width=\"525\" height=\"295\" src=\"https:\/\/www.youtube.com\/embed\/Ae3PfuvXJWk?feature=oembed\" frameborder=\"0\" allow=\"accelerometer; autoplay; clipboard-write; encrypted-media; gyroscope; picture-in-picture; web-share\" referrerpolicy=\"strict-origin-when-cross-origin\" allowfullscreen><\/iframe>\n<\/div><\/figure>\n\n\n\n<p><\/p>\n","protected":false},"excerpt":{"rendered":"<p>Hier finden Sie Links und Berichte \u00fcber meine Arbeit und ich w\u00fcnsche Ihnen dabei viel Spa\u00df beim Sehen, H\u00f6ren und Lesen.<\/p>\n","protected":false},"author":2,"featured_media":0,"parent":0,"menu_order":0,"comment_status":"closed","ping_status":"closed","template":"","meta":{"h5ap_radio_sources":[],"footnotes":""},"class_list":["post-296","page","type-page","status-publish","hentry"],"yoast_head":"<!-- This site is optimized with the Yoast SEO plugin v27.3 - https:\/\/yoast.com\/product\/yoast-seo-wordpress\/ -->\n<title>Pressearbeit - Musikalische F\u00f6rderung<\/title>\n<meta name=\"robots\" content=\"index, follow, max-snippet:-1, max-image-preview:large, max-video-preview:-1\" \/>\n<link rel=\"canonical\" href=\"http:\/\/heilmeditation-pfennig.de\/?page_id=296\" \/>\n<meta property=\"og:locale\" content=\"de_DE\" \/>\n<meta property=\"og:type\" content=\"article\" \/>\n<meta property=\"og:title\" content=\"Pressearbeit - Musikalische F\u00f6rderung\" \/>\n<meta property=\"og:description\" content=\"Hier finden Sie Links und Berichte \u00fcber meine Arbeit und ich w\u00fcnsche Ihnen dabei viel Spa\u00df beim Sehen, H\u00f6ren und Lesen.\" \/>\n<meta property=\"og:url\" content=\"http:\/\/heilmeditation-pfennig.de\/?page_id=296\" \/>\n<meta property=\"og:site_name\" content=\"Musikalische F\u00f6rderung\" \/>\n<meta property=\"article:modified_time\" content=\"2026-04-06T09:55:40+00:00\" \/>\n<meta name=\"twitter:card\" content=\"summary_large_image\" \/>\n<meta name=\"twitter:label1\" content=\"Gesch\u00e4tzte Lesezeit\" \/>\n\t<meta name=\"twitter:data1\" content=\"1\u00a0Minute\" \/>\n<script type=\"application\/ld+json\" class=\"yoast-schema-graph\">{\"@context\":\"https:\\\/\\\/schema.org\",\"@graph\":[{\"@type\":\"WebPage\",\"@id\":\"http:\\\/\\\/heilmeditation-pfennig.de\\\/?page_id=296\",\"url\":\"http:\\\/\\\/heilmeditation-pfennig.de\\\/?page_id=296\",\"name\":\"Pressearbeit - Musikalische F\u00f6rderung\",\"isPartOf\":{\"@id\":\"http:\\\/\\\/heilmeditation-pfennig.de\\\/#website\"},\"datePublished\":\"2026-04-05T14:49:34+00:00\",\"dateModified\":\"2026-04-06T09:55:40+00:00\",\"breadcrumb\":{\"@id\":\"http:\\\/\\\/heilmeditation-pfennig.de\\\/?page_id=296#breadcrumb\"},\"inLanguage\":\"de\",\"potentialAction\":[{\"@type\":\"ReadAction\",\"target\":[\"http:\\\/\\\/heilmeditation-pfennig.de\\\/?page_id=296\"]}]},{\"@type\":\"BreadcrumbList\",\"@id\":\"http:\\\/\\\/heilmeditation-pfennig.de\\\/?page_id=296#breadcrumb\",\"itemListElement\":[{\"@type\":\"ListItem\",\"position\":1,\"name\":\"Startseite\",\"item\":\"http:\\\/\\\/heilmeditation-pfennig.de\\\/\"},{\"@type\":\"ListItem\",\"position\":2,\"name\":\"Pressearbeit\"}]},{\"@type\":\"WebSite\",\"@id\":\"http:\\\/\\\/heilmeditation-pfennig.de\\\/#website\",\"url\":\"http:\\\/\\\/heilmeditation-pfennig.de\\\/\",\"name\":\"Musikalische F\u00f6rderung\",\"description\":\"www.Heilmeditation-Pfennig.de\",\"potentialAction\":[{\"@type\":\"SearchAction\",\"target\":{\"@type\":\"EntryPoint\",\"urlTemplate\":\"http:\\\/\\\/heilmeditation-pfennig.de\\\/?s={search_term_string}\"},\"query-input\":{\"@type\":\"PropertyValueSpecification\",\"valueRequired\":true,\"valueName\":\"search_term_string\"}}],\"inLanguage\":\"de\"}]}<\/script>\n<!-- \/ Yoast SEO plugin. -->","yoast_head_json":{"title":"Pressearbeit - Musikalische F\u00f6rderung","robots":{"index":"index","follow":"follow","max-snippet":"max-snippet:-1","max-image-preview":"max-image-preview:large","max-video-preview":"max-video-preview:-1"},"canonical":"http:\/\/heilmeditation-pfennig.de\/?page_id=296","og_locale":"de_DE","og_type":"article","og_title":"Pressearbeit - Musikalische F\u00f6rderung","og_description":"Hier finden Sie Links und Berichte \u00fcber meine Arbeit und ich w\u00fcnsche Ihnen dabei viel Spa\u00df beim Sehen, H\u00f6ren und Lesen.","og_url":"http:\/\/heilmeditation-pfennig.de\/?page_id=296","og_site_name":"Musikalische F\u00f6rderung","article_modified_time":"2026-04-06T09:55:40+00:00","twitter_card":"summary_large_image","twitter_misc":{"Gesch\u00e4tzte Lesezeit":"1\u00a0Minute"},"schema":{"@context":"https:\/\/schema.org","@graph":[{"@type":"WebPage","@id":"http:\/\/heilmeditation-pfennig.de\/?page_id=296","url":"http:\/\/heilmeditation-pfennig.de\/?page_id=296","name":"Pressearbeit - Musikalische F\u00f6rderung","isPartOf":{"@id":"http:\/\/heilmeditation-pfennig.de\/#website"},"datePublished":"2026-04-05T14:49:34+00:00","dateModified":"2026-04-06T09:55:40+00:00","breadcrumb":{"@id":"http:\/\/heilmeditation-pfennig.de\/?page_id=296#breadcrumb"},"inLanguage":"de","potentialAction":[{"@type":"ReadAction","target":["http:\/\/heilmeditation-pfennig.de\/?page_id=296"]}]},{"@type":"BreadcrumbList","@id":"http:\/\/heilmeditation-pfennig.de\/?page_id=296#breadcrumb","itemListElement":[{"@type":"ListItem","position":1,"name":"Startseite","item":"http:\/\/heilmeditation-pfennig.de\/"},{"@type":"ListItem","position":2,"name":"Pressearbeit"}]},{"@type":"WebSite","@id":"http:\/\/heilmeditation-pfennig.de\/#website","url":"http:\/\/heilmeditation-pfennig.de\/","name":"Musikalische F\u00f6rderung","description":"www.Heilmeditation-Pfennig.de","potentialAction":[{"@type":"SearchAction","target":{"@type":"EntryPoint","urlTemplate":"http:\/\/heilmeditation-pfennig.de\/?s={search_term_string}"},"query-input":{"@type":"PropertyValueSpecification","valueRequired":true,"valueName":"search_term_string"}}],"inLanguage":"de"}]}},"_links":{"self":[{"href":"http:\/\/heilmeditation-pfennig.de\/index.php?rest_route=\/wp\/v2\/pages\/296","targetHints":{"allow":["GET"]}}],"collection":[{"href":"http:\/\/heilmeditation-pfennig.de\/index.php?rest_route=\/wp\/v2\/pages"}],"about":[{"href":"http:\/\/heilmeditation-pfennig.de\/index.php?rest_route=\/wp\/v2\/types\/page"}],"author":[{"embeddable":true,"href":"http:\/\/heilmeditation-pfennig.de\/index.php?rest_route=\/wp\/v2\/users\/2"}],"replies":[{"embeddable":true,"href":"http:\/\/heilmeditation-pfennig.de\/index.php?rest_route=%2Fwp%2Fv2%2Fcomments&post=296"}],"version-history":[{"count":8,"href":"http:\/\/heilmeditation-pfennig.de\/index.php?rest_route=\/wp\/v2\/pages\/296\/revisions"}],"predecessor-version":[{"id":319,"href":"http:\/\/heilmeditation-pfennig.de\/index.php?rest_route=\/wp\/v2\/pages\/296\/revisions\/319"}],"wp:attachment":[{"href":"http:\/\/heilmeditation-pfennig.de\/index.php?rest_route=%2Fwp%2Fv2%2Fmedia&parent=296"}],"curies":[{"name":"wp","href":"https:\/\/api.w.org\/{rel}","templated":true}]}}